?
3, 17, 11483
What are the prime factors of 181378?
2, 23, 3943
List the prime factors of 20245783.
103, 196561
What are the prime factors of 3130296?
2, 3, 13, 79, 127
List the prime factors of 562439.
562439
What are the prime factors of 4740016?
2, 296251
List the prime factors of 7406958.
2, 3, 13, 94961
What are the prime factors of 293558?
2, 37, 3967
List the prime factors of 189630.
2, 3, 5, 7, 43
List the prime factors of 22932165.
3, 5, 1528811
What are the prime factors of 198502?
2, 99251
What are the prime factors of 84104?
2, 10513
List the prime factors of 1711213.
7, 37, 6607
What are the prime factors of 1010555?
5, 7, 13, 2221
List the prime factors of 310387.
7, 11, 29, 139
List the prime factors of 5073817.
7, 19, 38149
List the prime factors of 997045.
5, 7, 61, 467
List the prime factors of 19321643.
11, 159683
What are the prime factors of 3732823?
103, 36241
List the prime factors of 3609121.
443, 8147
What are the prime factors of 6749705?
5, 1349941
What are the prime factors of 15734402?
2, 1091, 7211
List the prime factors of 764523.
3, 84947
What are the prime factors of 3621128?
2, 7, 64663
What are the prime factors of 224682?
2, 3, 37447
What are the prime factors of 125703?
3, 13967
What are the prime factors of 1068489?
3, 227, 523
List the prime factors of 2394349.
137, 17477
What are the prime factors of 1974782?
2, 987391
List the prime factors of 899259.
3, 43, 6971
What are the prime factors of 566792?
2, 70849
What are the prime factors of 1094055?
3, 5, 72937
List the prime factors of 279422.
2, 11, 13, 977
List the prime factors of 8424930.
2, 3, 5, 73, 3847
List the prime factors of 29372821.
17, 1727813
What are the prime factors of 54176?
2, 1693
What are the prime factors of 6216?
2, 3, 7, 37
List the prime factors of 9642454.
2, 953, 5059
List the prime factors of 2749.
2749
What are the prime factors of 7744555?
5, 7, 13, 17021
What are the prime factors of 11845990?
2, 5, 13, 293, 311
What are the prime factors of 2827565?
5, 13, 41, 1061
What are the prime factors of 2742081?
3, 914027
List the prime factors of 668137.
163, 4099
What are the prime factors of 514103?
514103
List the prime factors of 1295243.
1295243
List the prime factors of 835437.
3, 278479
What are the prime factors of 1771191?
3, 196799
What are the prime factors of 1699996?
2, 157, 2707
List the prime factors of 6311545.
5, 23, 71, 773
What are the prime factors of 83152?
2, 5197
What are the prime factors of 1538672?
2, 96167
List the prime factors of 482838.
2, 3, 80473
List the prime factors of 247487.
379, 653
What are the prime factors of 4066?
2, 19, 107
What are the prime factors of 3719088?
2, 3, 8609
List the prime factors of 1383327.
3, 11, 89, 157
List the prime factors of 192300.
2, 3, 5, 641
List the prime factors of 511169.
511169
What are the prime factors of 573427?
17, 89, 379
What are the prime factors of 221571?
3, 7, 3517
What are the prime factors of 1003451?
281, 3571
List the prime factors of 836888.
2, 13, 619
What are the prime factors of 306944?
2, 11, 109
List the prime factors of 11914198.
2, 191, 31189
What are the prime factors of 11642848?
2, 7, 51977
What are the prime factors of 17242997?
1499, 11503
List the prime factors of 40920.
2, 3, 5, 11, 31
What are the prime factors of 157040?
2, 5, 13, 151
List the prime factors of 759476.
2, 181, 1049
What are the prime factors of 338184?
2, 3, 7, 11, 61
List the prime factors of 185935.
5, 41, 907
List the prime factors of 559761.
3, 186587
List the prime factors of 434250.
2, 3, 5, 193
What are the prime factors of 34373?
37, 929
List the prime factors of 7695391.
11, 699581
List the prime factors of 941989.
941989
List the prime factors of 425202.
2, 3, 70867
What are the prime factors of 198992?
2, 12437
What are the prime factors of 108319?
19, 5701
What are the prime factors of 282604?
2, 7, 10093
What are the prime factors of 1780185?
3, 5, 11, 10789
List the prime factors of 1583327.
19, 167, 499
List the prime factors of 74073.
3, 24691
What are the prime factors of 5933977?
7, 23, 36857
What are the prime factors of 812515?
5, 11, 17, 79
List the prime factors of 140487.
3, 46829
What are the prime factors of 128870?
2, 5, 7, 263
What are the prime factors of 252824?
2, 11, 13, 17
What are the prime factors of 5602233?
3, 7, 13, 20521
List the prime factors of 16759511.
16759511
List the prime factors of 3464493.
3, 317, 3643
What are the prime factors of 3377487?
3, 79, 14251
List the prime factors of 123115.
5, 24623
List the prime factors of 4154026.
2, 1193, 1741
List the prime factors of 2358179.
2358179
What are the prime factors of 163134?
2, 3, 19, 53
What are the prime factors of 99537?
3, 33179
What are the prime factors of 6526739?
6526739
List the prime factors of 79457.
7, 11351
List the prime factors of 7889130.
2, 3, 5, 61, 479
What are the prime factors of 93906?
2, 3, 37, 47
What are the prime factors of 3098625?
3, 5, 8263
What are the prime factors of 63006?
2, 3, 10501
What are the prime factors of 1009641?
3, 19, 17713
What are the prime factors of 6232134?
2, 3, 1038689
List the prime factors of 34453096.
2, 139, 30983
List the prime factors of 1047852.
2, 3, 13, 2239
What are the prime factors of 371100?
2, 3, 5, 1237
What are the prime factors of 431803?
431803
What are the prime factors of 144921?
3, 7, 67, 103
What are the prime factors of 4325431?
11, 271, 1451
List the prime factors of 309083.
309083
List the prime factors of 3871101.
3, 13, 99259
What are the prime factors of 1666052?
2, 416513
List the prime factors of 13343.
11, 1213
What are the prime factors of 40033?
7, 19, 43
What are the prime factors of 235521?
3, 11, 13, 61
What are the prime factors of 2017789?
251, 8039
List the prime factors of 171225.
3, 5, 761
What are the prime factors of 817403?
817403
List the prime factors of 1272453.
3, 7, 13, 59, 79
List the prime factors of 4653030.
2, 3, 5, 43, 3607
What are the prime factors of 819250?
2, 5, 29, 113
List the prime factors of 93381.
3, 17, 1831
What are the prime factors of 1008672?
2, 3, 7, 19, 79
List the prime factors of 6654593.
11, 701, 863
List the prime factors of 4325984.
2, 13, 10399
List the prime factors of 207746.
2, 7, 11, 19, 71
List the prime factors of 839308.
2, 37, 53, 107
What are the prime factors of 499126?
2, 249563
List the prime factors of 124094.
2, 62047
What are the prime factors of 10688552?
2, 7, 31, 47, 131
List the prime factors of 271024.
2, 13, 1303
What are the prime factors of 27354287?
27354287
List the prime factors of 31840869.
3, 29, 139, 2633
What are the prime factors of 239589?
3, 7, 3803
What are the prime factors of 7793641?
67, 89, 1307
List the prime factors of 1030951.
1030951
What are the prime factors of 24193441?
19, 73, 17443
List the prime factors of 376168.
2, 13, 3617
List the prime factors of 436418.
2, 31, 7039
What are the prime factors of 778923?
3, 17, 1697
List the prime factors of 99570.
2, 3, 5, 3319
List the prime factors of 41388.
2, 3, 3449
What are the prime factors of 53087?
53087
List the prime factors of 396058.
2, 13, 15233
What are the prime factors of 14728935?
3, 5, 13, 75533
What are the prime factors of 21931247?
13, 43, 39233
What are the prime factors of 5849055?
3, 5, 19, 6841
List the prime factors of 164992.
2, 1289
List the prime factors of 195002.
2, 97501
List the prime factors of 4639952.
2, 19, 15263
What are the prime factors of 1481174?
2, 571, 1297
What are the prime factors of 116095?
5, 7, 31, 107
What are the prime factors of 110762?
2, 55381
What are the prime factors of 847546?
2, 7, 60539
List the prime factors of 989189.
191, 5179
What are the prime factors of 29866?
2, 109, 137
What are the prime factors of 4523645?
5, 7, 307, 421
What are the prime factors of 6945402?
2, 3, 23, 50329
What are the prime factors of 22535240?
2, 5, 7, 13, 41, 151
What are the prime factors of 146738?
2, 73369
What are the prime factors of 510148?
2, 89, 1433
What are the prime factors of 2639776?
2, 82493
List the prime factors of 22148459.
37, 211, 2837
List the prime factors of 50981.
7, 7283
List the prime factors of 62389.
89, 701
List the prime factors of 10141276.
2, 2535319
List the prime factors of